alse
Is 30948350 a multiple of 61?
True
Is 120 a factor of 61579920?
True
Is 62 a factor of 356968661?
False
Is 54 a factor of 198052278?
False
Is 928166085 a multiple of 1309?
True
Is 65786416 a multiple of 1816?
True
Is 1147 a factor of 406370630?
True
Is 231794875 a multiple of 4587?
False
Is 225172574 a multiple of 27?
False
Does 502 divide 157549282?
False
Does 3563 divide 210985?
False
Is 946599493 a multiple of 497?
False
Does 91 divide 809677778?
True
Does 35 divide 115282776?
False
Is 2185 a factor of 35412295?
True
Does 38 divide 227342100?
False
Is 119 a factor of 27095782?
False
Is 35 a factor of 2064973715?
True
Is 29 a factor of 828557502?
False
Does 5 divide 212745920?
True
Does 531 divide 1877751936?
True
Does 7 divide 22660900?
False
Is 510261247 a multiple of 165?
False
Is 14172295 a multiple of 5?
True
Is 4053 a factor of 171137925?
True
Does 1299 divide 4976469?
True
Does 6608 divide 1555198450?
False
Does 1253 divide 57395775?
False
Is 129 a factor of 2038125282?
False
Is 573892320 a multiple of 35?
False
Does 25 divide 586985907?
False
Is 33178235 a multiple of 393?
False
Is 14 a factor of 8536705?
False
Is 648 a factor of 79667254?
False
Does 39 divide 425835327?
False
Is 4001573303 a multiple of 13?
True
Is 254200545 a multiple of 15?
True
Is 69 a factor of 6280449?
True
Is 5 a factor of 13911392?
False
Is 40422136 a multiple of 1297?
False
Is 189 a factor of 5385947?
False
Does 24 divide 5896896?
True
Does 14 divide 10023259?
False
Is 14 a factor of 196727416?
False
Does 9485 divide 499932124?
False
Does 2448 divide 121396320?
True
Does 17 divide 830518?
True
Is 1045653911 a multiple of 128?
False
Does 3 divide 18486710?
False
Is 74233041 a multiple of 412?
False
Is 326340 a multiple of 630?
True
Is 829105764 a multiple of 642?
True
Does 33 divide 50814456?
True
Does 15 divide 18420915?
True
Is 68 a factor of 21911122?
False
Does 2172 divide 48200841?
False
Is 132333939 a multiple of 37?
False
Does 33 divide 95258196?
True
Is 216 a factor of 5986872?
True
Is 707 a factor of 11010111?
True
Is 3004675 a multiple of 77?
False
Does 1355 divide 969016055?
True
Is 41663335 a multiple of 242?
False
Is 22 a factor of 217458186?
True
Does 252 divide 424399500?
True
Does 285 divide 3830244105?
True
Is 15 a factor of 745264581?
False
Does 119 divide 598244654?
True
Is 510293 a multiple of 2?
False
Is 11 a factor of 759295020?
True
Does 6705 divide 245114685?
True
Is 369 a factor of 216684549?
True
Is 7117626 a multiple of 5?
False
Does 741 divide 29292471?
True
Does 7 divide 2072672?
True
Is 720 a factor of 193235760?
True
Is 760 a factor of 856487771?
False
Is 2 a factor of 185736?
True
Is 21 a factor of 9905511?
True
Is 187 a factor of 5882608?
False
Is 641 a factor of 81197393?
True
Is 60 a factor of 213242340?
True
Is 36 a factor of 4304843784?
True
Is 1200120120 a multiple of 229?
False
Is 38326234 a multiple of 46?
True
Does 1534 divide 92906710?
True
Does 4 divide 306803796?
True
Is 199226478 a multiple of 584?
False
Is 72 a factor of 207839403?
False
Does 18 divide 539303619?
False
Does 95 divide 72009810?
True
Is 76 a factor of 746565?
False
Does 49 divide 1237588019?
False
Is 52324734 a multiple of 1554?
True
Is 24152471 a multiple of 371?
True
Is 29 a factor of 218929582?
False
Is 490 a factor of 8259599?
False
Is 2212325731 a multiple of 133?
False
Is 3104593744 a multiple of 560?
False
Does 4582 divide 40361501?
False
Is 10 a factor of 760543300?
True
Does 6 divide 460978146?
True
Is 124207920 a multiple of 167?
True
Is 98 a factor of 48945316?
True
Is 1760994081 a multiple of 8393?
True
Is 382 a factor of 5980758934?
True
Is 8612982 a multiple of 357?
True
Does 2819 divide 52326769?
False
Is 10 a factor of 71348940?
True
Is 109512271 a multiple of 11?
True
Is 572388371 a multiple of 8?
False
Is 53624500 a multiple of 53?
False
Is 786541734 a multiple of 33?
True
Is 25 a factor of 240713475?
True
Does 14 divide 44043059?
False
Is 94 a factor of 41741571?
False
Is 602223564 a multiple of 521?
False
Is 130494448 a multiple of 392?
True
Is 119485070 a multiple of 882?
False
Does 280 divide 374899869?
False
Is 84794353 a multiple of 109?
False
Is 63615629 a multiple of 19?
True
Is 5 a factor of 11787490?
True
Is 65 a factor of 3097401826?
False
Does 18 divide 243871794?
True
Is 1707684858 a multiple of 22?
True
Is 535009198 a multiple of 26?
False
Is 5788 a multiple of 4?
True
Does 2685 divide 175586551?
False
Is 7720 a factor of 1323516800?
True
Does 102 divide 28321552?
False
Does 14 divide 61154331?
False
Is 1150387904 a multiple of 274?
True
Is 28 a factor of 357290882?
False
Does 24 divide 1805326?
False
Is 705014389 a multiple of 239?
True
Is 1066089477 a multiple of 1909?
False
Is 76735776 a multiple of 312?
True
Does 438 divide 82620378?
True
Is 143 a factor of 123332333?
False
Does 2771 divide 65085248?
True
Does 27 divide 224089022?
False
Is 4251366 a multiple of 1449?
True
Is 89099970 a multiple of 3210?
True
Is 8470 a factor of 1087361660?
True
Is 26886626 a multiple of 84?
False
Is 48589584 a multiple of 753?
True
Is 202 a factor of 71539108?
True
Does 33 divide 73598267?
False
Is 155 a factor of 22878775?
True
Is 88205471 a multiple of 4?
False
Does 229 divide 202366397?
False
Is 11917977 a multiple of 18?
False
Does 1157 divide 416447107?
False
Is 6862 a factor of 705132258?
True
Does 54 divide 6347259?
False
Does 21 divide 97917189?
False
Is 12 a factor of 108527558?
False
Is 36 a factor of 275477280?
False
Is 12457421 a multiple of 343?
False
Does 16 divide 79015455?
False
Is 102878122 a multiple of 10?
False
Is 412 a factor of 60567465?
False
Is 2521648117 a multiple of 1320?
False
Is 15142048 a multiple of 4?
True
Does 41 divide 258816764?
True
Is 264397 a multiple of 1104?
False
Is 92 a factor of 842533733?
False
Does 236 divide 46897684?
True
Is 920040307 a multiple of 1201?
False
Does 2967 divide 10632905?
False
Is 120 a factor of 20795640?
True
Does 353 divide 17004010?
True
Is 3849408 a multiple of 4?
True
Does 547 divide 1741485541?
True
Is 5380500608 a multiple of 6832?
True
Is 42285339 a multiple of 23?
True
Does 32 divide 118455137?
False
Is 21 a factor of 226895887?
False
Is 10500259 a multiple of 389?
False
Is 530401317 a multiple of 455?
False
Does 1787 divide 13397139?
True
Is 12900732 a multiple of 1990?
False
Is 1024385316 a multiple of 69?
True
Is 71529043 a multiple of 61?
False
Is 9023 a factor of 237151509?
True
Is 204 a factor of 1354844614?
False
Is 33834018 a multiple of 298?
False
Is 74 a factor of 9265688?
True
Is 276 a factor of 79295076?
True
Does 25 divide 12745525?
True
Is 174 a factor of 4240911?
False
Is 23 a factor of 87903477?
False
Is 409221774 a multiple of 26?
True
Is 6 a factor of 366325218?
True
Is 14 a factor of 96095244?
True
Is 269330685 a multiple of 15?
True
Does 12 divide 268639995?
False
Does 4 divide 19739373?
False
Does 85 divide 78178240?
True
Is 412115325 a multiple of 15?
True
Does 49 divide 492437848?
True
Does 800 divide 30444941?
False
Is 60 a factor of 10876440?
True
Does 127 divide 924992308?
True
Does 674 divide 365469086?
True
Is 138 a factor of 4778940?
True
Does 3128 divide 68937992?
True
Is 14 a factor of 386929396?
True
Is 141919969 a multiple of 2?
False
Does 19 divide 1307371?
True
Does 635 divide 1251077605?
False
Is 20915924 a multiple of 23?
True
Is 640 a factor of 45798400?
True
Does 10 divide 277388110?
True
Is 1951 a factor of 2339074312?
False
Does 1788 divide 27477984?
True
Does 517 divide 394359845?
True
Does 78 divide 819335790?
True
Does 31 divide 214901455?
True
Is 135738360 a multiple of 24?
True
Is 36193392 a multiple of 81?
True
Does 2 divide 284048?
True
Is 31301937 a multiple of 16?
False
Does 10533 divide 116085482?
False
Is 78326688 a multiple of 16?
True
Is 30868096 a multiple of 7?
True
Does 39 divide 255851622?
True
Is 59 a factor of 44352896?
True
Is 197 a factor of 349281?
True
Is 18 a factor of 1439967867?
False
Is 57824956 a multiple of 116?
True
Is 58 a factor of 2396970?
False
Is 85460234 a multiple of 136?
False
Does 7023 divide 1210407752?
False
Is 594055696 a multiple of 13?
True
Is 95310400 a multiple of 296?
False
Is 623423140 a multiple of 28?
False
Does 31 divide 40014743?
False
Is 3685269 a multiple o